{"id":92,"date":"2015-10-02T11:42:25","date_gmt":"2015-10-02T08:42:25","guid":{"rendered":"https:\/\/vana.elus.ee\/?page_id=92"},"modified":"2024-12-17T13:05:09","modified_gmt":"2024-12-17T10:05:09","slug":"tegevus","status":"publish","type":"page","link":"https:\/\/vana.elus.ee\/?page_id=92","title":{"rendered":"Tegevus"},"content":{"rendered":"<p>Enamik looduseuurijate seltsi tegevusest toimub erialasektsioonides (vt &#8220;all\u00fcksused&#8221;).\u00a0Lisaks sektsioonides toimuvale t\u00f6\u00f6le korraldab Eesti LUS\u00a0Looduseuurijate p\u00e4eva ja iga kuu viimasel neljap\u00e4eval toimuvaid \u00fcldkoosolekuid. Oma tegevuse elluviimiseks taotletakse erinevaid projektirahasid ja osaletakse riigihangetes. LUSi liikmed teostavad mitmeid riiklikke eluslooduse seireid ning muid ekspertt\u00f6id.\u00a0LUS on teaduste akadeemiaga assotsieerunud akadeemiliste seltside \u00fcmarlaua eestvedaja.<\/p>\n","protected":false},"excerpt":{"rendered":"<p>Enamik looduseuurijate seltsi tegevusest toimub erialasektsioonides (vt &#8220;all\u00fcksused&#8221;).\u00a0Lisaks sektsioonides toimuvale t\u00f6\u00f6le korraldab Eesti LUS\u00a0Looduseuurijate p\u00e4eva ja iga kuu viimasel neljap\u00e4eval toimuvaid \u00fcldkoosolekuid. Oma tegevuse elluviimiseks taotletakse erinevaid projektirahasid ja osaletakse riigihangetes. LUSi liikmed teostavad mitmeid riiklikke eluslooduse seireid ning muid ekspertt\u00f6id.\u00a0LUS on teaduste akadeemiaga assotsieerunud akadeemiliste seltside \u00fcmarlaua eestvedaja.<\/p>\n","protected":false},"author":1,"featured_media":0,"parent":0,"menu_order":0,"comment_status":"closed","ping_status":"closed","template":"","meta":{"footnotes":""},"class_list":["post-92","page","type-page","status-publish","hentry"],"_links":{"self":[{"href":"https:\/\/vana.elus.ee\/index.php?rest_route=\/wp\/v2\/pages\/92","targetHints":{"allow":["GET"]}}],"collection":[{"href":"https:\/\/vana.elus.ee\/index.php?rest_route=\/wp\/v2\/pages"}],"about":[{"href":"https:\/\/vana.elus.ee\/index.php?rest_route=\/wp\/v2\/types\/page"}],"author":[{"embeddable":true,"href":"https:\/\/vana.elus.ee\/index.php?rest_route=\/wp\/v2\/users\/1"}],"replies":[{"embeddable":true,"href":"https:\/\/vana.elus.ee\/index.php?rest_route=%2Fwp%2Fv2%2Fcomments&post=92"}],"version-history":[{"count":7,"href":"https:\/\/vana.elus.ee\/index.php?rest_route=\/wp\/v2\/pages\/92\/revisions"}],"predecessor-version":[{"id":2260,"href":"https:\/\/vana.elus.ee\/index.php?rest_route=\/wp\/v2\/pages\/92\/revisions\/2260"}],"wp:attachment":[{"href":"https:\/\/vana.elus.ee\/index.php?rest_route=%2Fwp%2Fv2%2Fmedia&parent=92"}],"curies":[{"name":"wp","href":"https:\/\/api.w.org\/{rel}","templated":true}]}}