{"id":61,"date":"2015-10-02T10:50:50","date_gmt":"2015-10-02T07:50:50","guid":{"rendered":"https:\/\/vana.elus.ee\/?page_id=61"},"modified":"2024-12-02T11:21:20","modified_gmt":"2024-12-02T08:21:20","slug":"auliikmes","status":"publish","type":"page","link":"https:\/\/vana.elus.ee\/?page_id=61","title":{"rendered":"Auliikmed"},"content":{"rendered":"<p>Eesti Looduseuurijate Seltsi\u00a0auliikmeks\u00a0valitakse isikuid alates 50. eluaastast, kellel on erilisi teeneid loodusteaduste arendamisel v\u00f5i kes oma kauaaegse viljaka tegevusega Eesti Looduseuurijate Seltsis on osutanud sellele suuri teeneid. Eesti Looduseuurijate Seltsi auliige valitakse Eesti Looduseuurijate Seltsi presiidiumi ettepanekul kas presiidiumi, Eesti Looduseuurijate Seltsi all\u00fcksuse v\u00f5i v\u00e4hemalt viie tegevliikme motiveeritud esitise p\u00f5hjal \u00fcldkoosoleku poolt kinnisel h\u00e4\u00e4letusel. Auliikmele antakse vastav diplom. Auliikmed moodustavad Auliikmete kogu.<\/p>\n<p>Eesti Looduseuurijate Seltsi auliikmed:<\/p>\n<p>Teuvo Ahti<br \/>\nJaan Einasto<br \/>\nJ\u00fcri Engelbrecht<br \/>\nMati Kaal<br \/>\nKuulo Kalamees<br \/>\nAnne Kirk<br \/>\nKalevi Kull<br \/>\nTarmo Timm<br \/>\nT\u00f5nu Viik<br \/>\nZenbei Uchijima<\/p>\n<p>Varasemalt on LUSi auliikmed olnud:<\/p>\n<p>Fred J\u00fcssi (1935 &#8211; 2024)<br \/>\nVilma Kuusk (1931 &#8211; 2024)<br \/>\nLinda Kongo (1929 &#8211; 2022)<br \/>\nToomas Frey (1937 &#8211; 2020)<br \/>\nT\u00f5nu M\u00f6ls (1939 &#8211; 2019)<br \/>\nMihkel Veiderma (1929 &#8211; 2018)<br \/>\nHans Trass (1928 &#8211; 2017)<br \/>\nErich Kukk (1928 &#8211; 2017)<br \/>\nErast Parmasto (1928 &#8211; 2012)<\/p>\n<p>&nbsp;<\/p>\n","protected":false},"excerpt":{"rendered":"<p>Eesti Looduseuurijate Seltsi\u00a0auliikmeks\u00a0valitakse isikuid alates 50. eluaastast, kellel on erilisi teeneid loodusteaduste arendamisel v\u00f5i kes oma kauaaegse viljaka tegevusega Eesti Looduseuurijate Seltsis on osutanud sellele suuri teeneid. Eesti Looduseuurijate Seltsi auliige valitakse Eesti Looduseuurijate Seltsi presiidiumi ettepanekul kas presiidiumi, Eesti Looduseuurijate Seltsi all\u00fcksuse v\u00f5i v\u00e4hemalt viie tegevliikme motiveeritud esitise p\u00f5hjal \u00fcldkoosoleku poolt kinnisel h\u00e4\u00e4letusel. Auliikmele &hellip; <a href=\"https:\/\/vana.elus.ee\/?page_id=61\" class=\"more-link\">Continue reading <span class=\"screen-reader-text\">Auliikmed<\/span><\/a><\/p>\n","protected":false},"author":1,"featured_media":0,"parent":0,"menu_order":0,"comment_status":"closed","ping_status":"closed","template":"","meta":{"footnotes":""},"class_list":["post-61","page","type-page","status-publish","hentry"],"_links":{"self":[{"href":"https:\/\/vana.elus.ee\/index.php?rest_route=\/wp\/v2\/pages\/61","targetHints":{"allow":["GET"]}}],"collection":[{"href":"https:\/\/vana.elus.ee\/index.php?rest_route=\/wp\/v2\/pages"}],"about":[{"href":"https:\/\/vana.elus.ee\/index.php?rest_route=\/wp\/v2\/types\/page"}],"author":[{"embeddable":true,"href":"https:\/\/vana.elus.ee\/index.php?rest_route=\/wp\/v2\/users\/1"}],"replies":[{"embeddable":true,"href":"https:\/\/vana.elus.ee\/index.php?rest_route=%2Fwp%2Fv2%2Fcomments&post=61"}],"version-history":[{"count":9,"href":"https:\/\/vana.elus.ee\/index.php?rest_route=\/wp\/v2\/pages\/61\/revisions"}],"predecessor-version":[{"id":2226,"href":"https:\/\/vana.elus.ee\/index.php?rest_route=\/wp\/v2\/pages\/61\/revisions\/2226"}],"wp:attachment":[{"href":"https:\/\/vana.elus.ee\/index.php?rest_route=%2Fwp%2Fv2%2Fmedia&parent=61"}],"curies":[{"name":"wp","href":"https:\/\/api.w.org\/{rel}","templated":true}]}}