{"id":44,"date":"2015-10-02T10:33:35","date_gmt":"2015-10-02T07:33:35","guid":{"rendered":"https:\/\/vana.elus.ee\/?page_id=44"},"modified":"2015-10-02T10:33:35","modified_gmt":"2015-10-02T07:33:35","slug":"pohikiri-ja-eetilise-tegevuse-pohimotted","status":"publish","type":"page","link":"https:\/\/vana.elus.ee\/?page_id=44","title":{"rendered":"P\u00f5hikiri ja eetilise tegevuse p\u00f5him\u00f5tted"},"content":{"rendered":"<p class=\"text\">EESTI LOODUSEUURIJATE SELTS EESTI TEADUSTE AKADEEMIA JUURES<\/p>\n<p class=\"text\">p \u00f5 h i k i r i<\/p>\n<p class=\"western\" align=\"LEFT\">\nVastu v\u00f5etud Eesti Teaduste Akadeemia juures asuva Eesti Looduseuurijate Seltsi \u00fcldkoosolekul 28. novembril 1996. aastal. Muudetud \u00fcldkoosolekul 31. m\u00e4rtsil 2011. aastal.<\/p>\n<p class=\"western\" align=\"LEFT\">I. \u00dclds\u00e4tted<\/p>\n<p class=\"western\" align=\"LEFT\">1. Eesti Looduseuurijate Selts Eesti Teaduste Akadeemia juures (edaspidi: Selts), asukohaga Tartus, Struve tn. 2 on loodusteadlasi ja teaduslikule uurimist\u00f6\u00f6le aktiivselt kaasa aitavaid loodushuvilisi koondav mittetulundus\u00fching, mis tegutseb avalikes huvides.<\/p>\n<p class=\"western\" align=\"LEFT\">2. Seltsi p\u00f5hi\u00fclesandeks on kaasa aidata Eesti looduse uurimisele ja kaitsmisele, s\u00fcvendada kontakti ja koost\u00f6\u00f6d loodusteaduste eri harude vahel, arendada teadusalaseid sidemeid Eesti ja v\u00e4lismaiste loodusteaduslike asutuste ning organisatsioonidega, populariseerida ja propageerida loodusteaduste saavutusi ja looduskaitse ideid, aktiivselt kaasa t\u00f6\u00f6tada loodusteaduste saavutuste rakendamisele Eesti kultuuri h\u00fcvanguks.<\/p>\n<p class=\"western\" align=\"LEFT\">3. Oma eesm\u00e4rgi t\u00e4itmiseks Selts:<br \/>\n(1) koondab enda \u00fcmber loodusteadlasi ja loodusehuvilisi, kes soovivad Eesti Looduseuurijate Seltsi \u00fclesannete t\u00e4itmisele kaasa aidata;<br \/>\n(2) korraldab ja toetab loodusteaduslikke uurimist\u00f6id, ekspeditsioone ja ekskursioone;<br \/>\n(3) korraldab looduseuurijate p\u00e4evi, konverentse, n\u00f5upidamisi, \u00fcldkoosolekuid, diskussioone, teaduslikke ja populaarteaduslikke ettekandekoosolekuid, n\u00e4itusi jm.;<br \/>\n(4) avaldab \u00fcksikv\u00e4ljaannetena, seeriatena ja kogumikena teaduslikke ja populaarteaduslikke t\u00f6id, t\u00f6\u00f6juhendeid ning muid tr\u00fckiseid;<br \/>\n(5) loob ja arendab teadusalaseid sidemeid ning korraldab etten\u00e4htud korras oma v\u00e4ljaannete vahetust profiilikohaste teadusasutuste ja organisatsioonidega kodu- ja v\u00e4lismaal;<br \/>\n(6) t\u00e4iendab pidevalt oma raamatukogu eelarveliste ja erisummade arvel, v\u00e4ljaannete vahetuse ning annetuste teel;<br \/>\n(7) asutab oma \u00fclesannete t\u00e4itmiseks erialasektsioone, komisjone, haruseltse, t\u00f6\u00f6r\u00fchmi jt. all\u00fcksusi;<br \/>\n(8) v\u00f5tab osa regionaalsete ja rahvusvaheliste organisatsioonide, kongresside ja n\u00f5upidamiste t\u00f6\u00f6st.<\/p>\n<p class=\"western\" align=\"LEFT\">4. Seltsil on juriidilise isiku \u00f5igused.<\/p>\n<p class=\"western\" align=\"LEFT\">5. Seltsil on embleem nimel\u00fchendiga \u00abEesti LUS\u00bb, aukirjad ja rinnam\u00e4rgid, mille kasutamise kord m\u00e4\u00e4ratakse kindlaks \u00fcldkoosoleku poolt kinnitatud p\u00f5him\u00e4\u00e4rusega.<\/p>\n<p class=\"western\" align=\"LEFT\">6. Seltsil on nurgatempel ja pitsat oma embleemi kujutisega ja pealkirjaga \u00abEesti Looduseuurijate Selts\u00bb.<\/p>\n<p class=\"western\" align=\"LEFT\">7. Seltsil puuduvad osakonnad Eesti Vabariigi Mittetulundus\u00fchingute seaduse m\u00f5ttes.<\/p>\n<p class=\"western\" align=\"LEFT\"><b>II. Seltsi liikmeskond<\/b><\/p>\n<p class=\"western\" align=\"LEFT\">\n8. Seltsi liikmeskond koosneb auliikmetest, tegevliikmetest (sealhulgas eluaegsetest), usaldusmeestest ja toetajaliikmetest.<\/p>\n<p class=\"western\" align=\"LEFT\">9. Seltsi auliikmeks valitakse isikuid alates 50. eluaastast, kellel on erilisi teeneid loodusteaduste arendamisel v\u00f5i kes oma kauaaegse viljaka tegevusega Seltsis on osutanud sellele suuri teeneid. Auliikmele antakse vastav diplom. Auliikmed moodustavad auliikmete kogu.<\/p>\n<p class=\"western\" align=\"LEFT\">10. Seltsi tegevliikmeks v\u00f5ib \u00fcldjuhul olla k\u00f5rgharidusega isik, kes tegutseb aktiivselt loodusteaduste alal, esitab oma t\u00f6\u00f6 tulemusi teaduslike ettekannetena, avaldab tr\u00fckis teaduslikke t\u00f6id, v\u00f5i kes oma tegevusega aitab oluliselt kaasa Seltsi \u00fclesannete t\u00e4itmisele. Tegevliikmele antakse presiidiumi poolt kinnitatud vormi kohane liikmepilet.<\/p>\n<p class=\"western\" align=\"LEFT\">11. Seltsi eluaegseks liikmeks saab tegevliige, kes tasub parajasti kehtiva liikmemaksu kolmek\u00fcmnekordses v\u00e4\u00e4rtuses v\u00f5i kellele Seltsi presiidium annab selle staatuse \u00fcle 50 aasta Seltsi liikmeks oleku aja eest.<\/p>\n<p class=\"western\" align=\"LEFT\">12. Seltsi usaldusmeheks v\u00f5ib olla vanusepiiranguta loodusehuviline, kes esitab Seltsile sooviavalduse ja aitab kaasa Eesti Looduseuurijate Seltsi p\u00f5hitegevusele. Usaldusmeestele antakse presiidiumi poolt kinnitatud vormi kohane liikmepilet.<\/p>\n<p class=\"western\" align=\"LEFT\">13. Seltsi toetajaliikmeks saab isik v\u00f5i organisatsioon, kes toetab Seltsi kas rahalise v\u00f5i materiaalse annetusega. Toetajaliikme staatus kehtib \u00fcks aasta. Toetajaliikmete nimekiri avaldatakse Seltsi v\u00e4ljaannetes.<\/p>\n<p class=\"western\" align=\"LEFT\">14. Seltsi auliige valitakse Seltsi presiidiumi ettepanekul kas presiidiumi, Seltsi all\u00fcksuse v\u00f5i v\u00e4hemalt viie tegevliikme motiveeritud esitise p\u00f5hjal \u00fcldkoosoleku poolt kinnisel h\u00e4\u00e4letusel.<\/p>\n<p class=\"western\" align=\"LEFT\">15. Seltsi tegevliige valitakse kandidaadi kirjaliku sooviavalduse ja kahe tegevliikme soovitusel \u00fcldkoosoleku poolt kinnisel h\u00e4\u00e4letusel. Tegevliikme kandidaadid tehakse teatavaks varasemal \u00fcldkoosolekul.<\/p>\n<p class=\"western\" align=\"LEFT\">16. Seltsi usaldusmeheks vastuv\u00f5tmine ja usaldusmeeste nimekirjast kustutamine toimub Seltsi presiidiumi otsusega Seltsi all\u00fcksuse ettepanekul.<\/p>\n<p class=\"western\" align=\"LEFT\">17. Seltsi au- ja tegevliikmetel on \u00f5igus valida ja olla valitud k\u00f5igisse Seltsi organeisse, samuti on neil h\u00e4\u00e4le\u00f5igus Seltsi \u00fcldkoosolekutel.<\/p>\n<p class=\"western\" align=\"LEFT\">18. Seltsi au- ja tegevliikmetel ning usaldusmeestel on \u00f5igus osa v\u00f5tta k\u00f5igist Seltsi \u00fcritustest, avaldada oma kirjutisi Seltsi v\u00e4ljaannetes ja kasutada Seltsi raamatukogu selleks kinnitatud korra kohaselt. Usaldusmeestel on \u00f5igus saada konsultatsioone ja juhendmaterjale loodusvaatlusteks.<\/p>\n<p class=\"western\" align=\"LEFT\">19. Seltsi tegevliikmed ja usaldusmehed on kohustatud aktiivselt osa v\u00f5tma Seltsi t\u00f6\u00f6st ja t\u00e4itma p\u00f5hikirja n\u00f5udeid.<\/p>\n<p class=\"western\" align=\"LEFT\">20. Seltsi tegevliikmed maksavad iga-aastast liikmemaksu \u00fcldkoosoleku poolt kindlaksm\u00e4\u00e4ratud suuruses. Erandjuhtudel ja arvestatavatel p\u00f5hjustel v\u00f5ib Seltsi presiidium \u00fcksikuid liikmeid liikmemaksu tasumisest vabastada.<\/p>\n<p class=\"western\" align=\"LEFT\">20. Liikmemaksu tasumata j\u00e4tmisel rohkem kui kolme aasta jooksul v\u00f5ib presiidium Seltsi liikme kustutada nimekirjast. Sellest teatatakse Seltsi \u00fcldkoosolekul.<\/p>\n<p class=\"western\" align=\"LEFT\">21. Seltsi liige v\u00f5ib igal ajal liikmeskonnast v\u00e4lja astuda, esitades kirjaliku avalduse Seltsi presiidiumile, kes sellest informeerib j\u00e4rgmist \u00fcldkoosolekut.<\/p>\n<p class=\"western\" align=\"LEFT\">22. Liikmed v\u00f5ib Seltsist v\u00e4lja arvata Seltsi p\u00f5hikirja rikkumise v\u00f5i Seltsi liikmele v\u00e4\u00e4ritu tegevuse p\u00e4rast. Liikmete v\u00e4ljaheitmine toimub presiidiumi v\u00f5i v\u00e4hemalt k\u00fcmne tegevliikme kirjaliku motiveeritud ettepaneku p\u00f5hjal \u00fcldkoosoleku poolt kinnisel h\u00e4\u00e4letusel.<\/p>\n<p class=\"western\" align=\"LEFT\">23. Suhted haru\u00fchingutega korraldatakse vastastikuste otsuste ja lepingutega.<\/p>\n<p class=\"western\" align=\"LEFT\"><b>III. Eesti Looduseuurijate Seltsi tegevuse juhtimine<\/b><\/p>\n<p class=\"western\" align=\"LEFT\">\n24. Seltsi juhtimise organeiks on Seltsi \u00fcldkoosolek ja viimase poolt valitud juhatus, mida Seltsis nimetatakse Presiidiumiks.<\/p>\n<p class=\"western\" align=\"LEFT\">25. Eesti Looduseuurijate Seltsi k\u00f5rgeimaks organiks on \u00fcldkoosolek.<\/p>\n<p class=\"western\" align=\"LEFT\">26. \u00dcldkoosolekuid kutsub kokku presiidium vastavalt vajadusele oma algatusel v\u00f5i revisjonikomisjoni v\u00f5i v\u00e4hemalt 1\/10 tegevliikmete n\u00f5udmisel. \u00dcldkoosoleku kokkukutsumise n\u00f5ue revisjonikomisjoni v\u00f5i 1\/10 tegevliikmete poolt esitatakse kirjalikult, kus n\u00e4idatakse \u00e4ra \u00fcldkoosoleku kokkukutsumise p\u00f5hjus. \u00dcldkoosoleku kokkukutsumisest tuleb liikmetele ette teatada v\u00e4hemalt 7 p\u00e4eva, n\u00e4idates \u00e4ra \u00fcldkoosoleku toimumise aja, koha ja p\u00e4evakorra. Teate v\u00f5ib avaldada Seltsi interneti kodulehel v\u00f5i saata liikmetele elektrooniliselt.<\/p>\n<p class=\"western\" align=\"JUSTIFY\">27. \u00dcldkoosolek on otsustusv\u00f5imeline, kui koos on v\u00e4hemalt 1\/20 Seltsi h\u00e4\u00e4le\u00f5iguslikest liikmetest. Au- ja tegevliikmete valimisel kvoorumin\u00f5uet ei rakendata. Juhul, kui \u00fcldkoosolekul on koos v\u00e4hem kui 1\/20 Seltsi h\u00e4\u00e4le\u00f5iguslikest liikmetest, kutsub Presiidium mitte varem kui kahe n\u00e4dala p\u00e4rast kokku uue \u00fcldkoosoleku, mis on p\u00e4dev otsuseid vastu v\u00f5tma juhul, kui seal on esindatud v\u00e4hemalt 10 Seltsi liiget.<\/p>\n<p class=\"western\" align=\"LEFT\">28. \u00dcldkoosoleku otsus on vastu v\u00f5etud, kui selle poolt h\u00e4\u00e4letab \u00fcle poole \u00fcldkoosolekul osalenud liikmetest. Seltsi p\u00f5hikirja muutmise ja kinnitamise otsus on vastu v\u00f5etud, kui selle poolt h\u00e4\u00e4letab \u00fcle 2\/3 \u00fcldkoosolekul osalenud liikmetest. Seltsi tegevuse l\u00f5petamise otsustamine vajab v\u00e4hemalt 1\/5 h\u00e4\u00e4le\u00f5iguslike liikmete osalemist \u00fcldkoosolekul.<\/p>\n<p class=\"western\" align=\"LEFT\">29. Igal Seltsi au- ja tegevliikmel on \u00fcks h\u00e4\u00e4l.<\/p>\n<p class=\"western\" align=\"LEFT\">30. Seltsi \u00fcldkoosolekut juhatab president, asepresident v\u00f5i presiidiumi liige, v\u00e4lja arvatud Seltsi presiidiumi ja revisjonikomisjoni valimise protseduur, mida juhatab \u00fcldkoosoleku poolt valitud Seltsi presiidiumi mittekuuluv liige.<\/p>\n<p class=\"western\" align=\"LEFT\">31. \u00dcldkoosolek<br \/>\n(1) arutab ning kinnitab lahtisel h\u00e4\u00e4letusel Seltsi p\u00f5hikirja ja selle muudatused ning all\u00fcksuste kodukorrad ja p\u00f5hikirjad;<br \/>\n(2) otsustab Seltsi p\u00f5hilisi organisatsioonilisi aluseid ja tegevust puudutavaid k\u00fcsimusi;<br \/>\n(3) valib kinnisel h\u00e4\u00e4letusel Seltsi presiidiumi liikmed, revisjonikomisjoni ja Seltsi liikmed ning teatab all\u00fcksuste ja haru\u00fchingute esimeeste valimisest.<br \/>\n(4) arutab l\u00e4bi ja kinnitab Seltsi presiidiumi ja revisjonikomisjoni poolt esitatud t\u00f6\u00f6plaanid ning aruanded;<br \/>\n(5) otsustab Seltsi tegevuse l\u00f5petamisega seotud k\u00fcsimusi;<\/p>\n<p class=\"western\" align=\"LEFT\">(6) kutsub vajaduse korral presiidiumi liikme(d) tagasi.<\/p>\n<p class=\"western\" align=\"LEFT\">32. Seltsi tegevuse juhtimiseks valib \u00fcldkoosolek presiidiumi liikmeteks presidendi, kaks asepresidenti ja kolm presiidiumi liiget. Vajadusel v\u00f5idakse presiidiumi valida t\u00e4iendavaid liikmeid. Presiidium valitakse kinnisel h\u00e4\u00e4letusel kolmeks aastaks \u00fcldkoosolekul osalenud liikmete lihth\u00e4\u00e4lteenamusega au- ja tegevliikmete hulgast, kes viibivad koosolekul v\u00f5i on andnud kirjaliku n\u00f5usoleku kandideerimiseks Seltsi presiidiumi. Presidendi v\u00f5i rohkem kui kahe presiidiumi liikme v\u00e4ljalangemisel toimuvad erakorralised valimised.<br \/>\nValimise tulemustest informeeritakse Eesti Teaduste Akadeemiat.<\/p>\n<p class=\"western\" align=\"LEFT\">33. Seltsi \u00fcldkoosolekul on \u00f5igus valida aupresident Seltsi tegevuse juhtimisel eriti silma paistnud isikute hulgast. Aupresident kuulub t\u00e4iendavalt Seltsi presiidiumi koosseisu.<\/p>\n<p align=\"LEFT\">34. Seltsi presiidiumi koosolek on otsustusv\u00f5imeline, kui kohal on \u00fcle poole liikmetest, nende seas president v\u00f5i asepresident. Presiidium otsustab k\u00fcsimusi lihth\u00e4\u00e4lteenamusega. H\u00e4\u00e4lte v\u00f5rdsustumisel on otsuse vastuv\u00f5tmisel otsustav koosoleku juhataja h\u00e4\u00e4l.<\/p>\n<p class=\"western\" align=\"LEFT\">35. Presiidium<br \/>\n(1) juhib Seltsi tegevust Seltsi p\u00f5hikirja, \u00fcldkoosoleku otsuste ja viimase poolt kinnitatud t\u00f6\u00f6plaani alusel;<br \/>\n(2) koostab Seltsi t\u00f6\u00f6plaani, eelarve projekti ning tegevuse aruande ja esitab need kinnitamiseks Seltsi \u00fcldkoosolekule.<br \/>\n(3) esitab vajaduse korral \u00fclevaateid Seltsi tegevusest Eesti Teaduste Akadeemiale;<br \/>\n(4) valitseb Seltsi materiaalseid ja rahalisi varasid;<br \/>\n(5) otsustab Seltsi raamatukogu t\u00f6\u00f6sse puutuvaid k\u00fcsimusi;<br \/>\n(6) kutsub kokku \u00fcldkoosolekuid;<br \/>\n(7) autasustab Seltsi au- ja t\u00e4nukirjaga vastavalt kinnitatud p\u00f5him\u00e4\u00e4rusele;<br \/>\n(8) suunab oma otsusega tr\u00fckkimisele Seltsi v\u00e4ljaannete k\u00e4sikirju;<\/p>\n<p class=\"western\" align=\"LEFT\">(9) moodustab ja likvideerib Seltsi t\u00f6\u00f6 korraldamiseks all\u00fcksusi kui mittejuriidilisi isikuid,<\/p>\n<p class=\"western\" align=\"LEFT\">kinnitab nende kodukorrad ja s\u00e4testab nende \u00f5igused ja kohustused kinnitatud p\u00f5him\u00e4\u00e4rustes,<\/p>\n<p class=\"western\" align=\"LEFT\">juhib, korraldab ja koordineerib nende tegevust ning kinnitab nende juhatused.<\/p>\n<p class=\"western\" align=\"JUSTIFY\">36. Seltsi presiidiumi liikmed jagavad omavahel t\u00f6\u00f6\u00fclesanded vastavalt vajadusele. T\u00e4htsamate k\u00fcsimuste arutamiseks kutsutakse presiidiumi koosolekule kas auliikmete kogu v\u00f5i Seltsi all\u00fcksuste ja revisjonikomisjoni esimehed ning haruseltside esindajad v\u00f5i teised isikud, keda presiidium peab vajalikuks.<\/p>\n<p class=\"western\" align=\"JUSTIFY\">Revisjonikomisjoni liikmetel ja all\u00fcksuste juhatuste liikmetel on alati \u00f5igus presiidiumi koosolekul osaleda.<\/p>\n<p class=\"western\" align=\"JUSTIFY\">37. Seltsi presidendil ja kummalgi asepresidendil on:<\/p>\n<p class=\"western\" align=\"JUSTIFY\">1) k\u00e4skkirja andmise \u00f5igus,<\/p>\n<p class=\"western\" align=\"JUSTIFY\">2) \u00f5igus ainuisikuliselt esindada ja teha tehinguid ning Seltsi nimel alla kirjutada Seltsi tegevusega seotud lepingutele ja kohustustele,<\/p>\n<p class=\"western\" align=\"JUSTIFY\">3) \u00f5igus ainuisikuliselt esindada Seltsi Eesti Teaduste Akadeemias ja teistes asutustes, organisatsioonides ning kohtutes. Samad \u00f5igused on teistel presiidiumi liikmetel \u00fchiselt.<\/p>\n<p class=\"western\" align=\"JUSTIFY\">Presiidium v\u00f5ib volitada Seltsi liikmeid Seltsi esindama.<\/p>\n<p class=\"western\" align=\"LEFT\">38. Seltsi tegevust ja asjaajamist korraldab koosseisuline teadussekret\u00e4r, kes kuulub presiidiumi koosseisu.<\/p>\n<p class=\"western\" align=\"LEFT\">39. Seltsi all\u00fcksused valivad oma tegevuse juhtimiseks juhatused. Valimisest teatatakse Eesti Looduseuurijate Seltsi presiidiumile ja \u00fcldkoosolekule.<\/p>\n<p class=\"western\" align=\"LEFT\"><b>IV. Seltsi varalised vahendid<\/b><\/p>\n<p class=\"western\" align=\"LEFT\">\n40. Seltsi rahalisi vahendeid kasutatakse \u00fcksnes Seltsi p\u00f5hikirjaliste eesm\u00e4rkide saavutamiseks.<\/p>\n<p class=\"western\" align=\"LEFT\">41. Seltsil on kinnistu Tartus, Struve tn. 2, mille haldamist ja kasutamist juhib presiidium.<\/p>\n<p class=\"western\" align=\"JUSTIFY\">42. Seltsile kuulub loodusteaduslik raamatukogu, mille tegevust korraldab raamatukogukomisjon.<\/p>\n<p class=\"western\" align=\"LEFT\">43. Seltsile kuulub tema t\u00f6\u00f6ks vajalik p\u00f5hivara ja muud vahendid.<\/p>\n<p class=\"western\" align=\"LEFT\"><b>V. Seltsi tegevuse revideerimine ja aruandlus<\/b><\/p>\n<p class=\"western\" align=\"LEFT\">\n44. Seltsi teadusliku ja finants-majandusliku tegevuse revideerimiseks valib Seltsi \u00fcldkoosolek tegevliikmete hulgast kinnisel h\u00e4\u00e4letusel lihth\u00e4\u00e4lteenamusega kolmeks aastaks revisjonikomisjoni koosseisus: esimees, kaks esimehe aset\u00e4itjat ja kaks liiget. Revisjonikomisjonis ei tohi olla Eesti Looduseuurijate Seltsi presiidiumi liikmeid ega koosseisulisi t\u00f6\u00f6tajaid.<\/p>\n<p class=\"western\" align=\"LEFT\">\n45. Revisjonikomisjon revideerib Eesti Looduseuurijate Seltsi tegevust mitte harvemini kui kord aastas ja esitab tulemused \u00fcldkoosolekule.<\/p>\n<p class=\"western\" align=\"JUSTIFY\">46. P\u00e4rast majandusaasta l\u00f5ppu koostab presiidium majandusaasta aruande raamatupidamise seaduses s\u00e4testatud korras. Majandusaasta aruande kinnitab \u00fcldkoosolek ja sellele kirjutavad alla k\u00f5ik presiidiumi liikmed.<\/p>\n<p class=\"western\" align=\"LEFT\">\n<h1 class=\"western\"><span style=\"font-size: small;\">VI. Seltsi p\u00f5hikirja kinnitamine ja tegevuse l\u00f5petamine<\/span><\/h1>\n<p class=\"western\" align=\"JUSTIFY\">47. Seltsi p\u00f5hikirja ja selle muudatused v\u00f5tab \u00fcldkoosolek vastu lahtisel h\u00e4\u00e4letusel, silmas pidades k\u00e4esoleva p\u00f5hikirja p. 28 n\u00f5udeid ja need j\u00f5ustuvad vastuv\u00f5tmise kuup\u00e4evast alates. P\u00f5hikirja kinnitamine v\u00f5i muutmine peab olema m\u00e4rgitud \u00fcldkoosoleku p\u00e4evakorras. P\u00f5hikiri registreeritakse vastavalt kehtivale korrale ja muudatused j\u00f5ustuvad registrisse kandmisest.<\/p>\n<p class=\"western\">48. Seltsi tegevus v\u00f5idakse l\u00f5petada Seltsi \u00fcldkoosoleku otsusel kinnisel h\u00e4\u00e4letusel juhindudes k\u00e4esoleva p\u00f5hikirja p. 28 n\u00f5uetest. L\u00f5petamise ettepaneku v\u00f5ib teha Seltsi presiidium, Seltsi revisjonikomisjon v\u00f5i 1\/8 seltsi tegevliikmetest. Ettepanek peab olema motiveeritud ja esitatud kirjalikult. K\u00fcsimuse arutamine peab olema m\u00e4rgitud \u00fcldkoosoleku p\u00e4evakorras.<\/p>\n<p class=\"western\" align=\"JUSTIFY\">49. Seltsi tegevuse l\u00f5petamise korral antakse tema varad \u00fcldkoosoleku otsusega \u00fcle samalaadsete eesm\u00e4rkidega Eesti Maksu- ja Tolliameti tulumaksusoodustusega mittetulundus\u00fchingute ja sihtasutuste nimekirja kantud mittetulundus\u00fchingule, sihtasutusele v\u00f5i avalik-\u00f5iguslikule juriidilisele isikule.<\/p>\n<h2>Eetilise tegevuse p\u00f5him\u00f5tted<\/h2>\n<p><em>Aluseks on Eesti Mittetulundus\u00fchenduste \u00dcmarlaua Suurkogul 7. aprillil 2002. aastal Tartus<\/em><i><br \/>\n<\/i><\/p>\n<div><i><em>vastuv\u00f5etud dokument \u201cVaba\u00fchenduste eetilise tegevuse p\u00f5him\u00f5tted\u201d.<\/em><\/i><\/div>\n<div><\/div>\n<div>Eesti Looduseuurijate Selts Eesti Teaduste Akadeemia juures l\u00e4htub oma tegevuses allj\u00e4rgnevatest eetilise tegevuse p\u00f5him\u00f5tetest.<em><br \/>\n<\/em><\/div>\n<div><strong>\u00a0<\/strong><\/div>\n<div><strong>Demokraatlik juhtimine ja toimimine<\/strong><\/div>\n<p>1. Eesti Looduseuurijate Selts Eesti Teaduste Akadeemia juures on selge ja arusaadav missioon: kaasa aidata Eesti looduse uurimisele ja kaitsmisele, s\u00fcvendada kontakti ja koost\u00f6\u00f6d loodusteaduste eri harude vahel, arendada teadusalaseid sidemeid Eesti ja v\u00e4lismaiste loodusteaduslike asutuste ning organisatsioonidega, populariseerida ja propageerida loodusteaduste saavutusi ja looduskaitse ideid, aktiivselt kaasa t\u00f6\u00f6tada loodusteaduste saavutuste rakendamisele Eesti kultuuri h\u00fcvanguks.<br \/>\nEesti Looduseuurijate Selts Eesti Teaduste Akadeemia juures j\u00e4rgib oma missiooni t\u00e4itmisel p\u00f5hikirja, sisemisi dokumente ja organisatsiooni toimimisstandardeid.<br \/>\n2. Eesti Looduseuurijate Selts Eesti Teaduste Akadeemia juures v\u00e4ljendab ja esindab inimeste erinevaid huvisid ja vajadusi. Eesti Looduseuurijate Selts Eesti Teaduste Akadeemia juures kaasab inimesi rahvahariduse, osalusdemokraatia, eestkoste ja muude vormide kaudu kodaniku\u00fchiskonna edendamisse.<br \/>\n3. Eesti Looduseuurijate Selts Eesti Teaduste Akadeemia juures kui \u00fchiskonnaliikmete vabatahtlik \u00fchendus v\u00e4\u00e4rtustab oma liikmeid, kindlustab \u00fchenduse demokraatliku juhtimise, hoiab \u00fchenduse juhtivkogud ja t\u00f6\u00f6tajad vastutavana, reageerib nende v\u00e4\u00e4rtegudele.<br \/>\n4. Eesti Looduseuurijate Selts Eesti Teaduste Akadeemia juures peab inimeste kaasamist ja vabatahtlikku t\u00f6\u00f6d kodaniku\u00fchiskonna alustalaks, v\u00e4\u00e4rtustab kodanikke ja nende vabatahtlikku t\u00f6\u00f6d.<br \/>\n5. Eesti Looduseuurijate Selts Eesti Teaduste Akadeemia juures p\u00fc\u00fcdleb j\u00e4rjekindlalt oskusliku tegutsemise, professionaalsuse ja t\u00e4iuslikkuse poole, et saavutada parimaid t\u00f6\u00f6tulemusi.<br \/>\n6. Eesti Looduseuurijate Selts Eesti Teaduste Akadeemia juures, saades vahendid oma tegevuseks peamiselt toetajatelt ja annetajatelt, kasutab saadud vahendeid otstarbekalt ja sihip\u00e4raselt.<\/p>\n<p><strong>Kodanikujulgus ja hoolivus<\/strong><br \/>\n7. Eesti Looduseuurijate Selts Eesti Teaduste Akadeemia juures ilmutab kodanikujulgust v\u00f5itluses \u00fchiskonnas esineva eba\u00f5igluse vastu.<br \/>\n8. Eesti Looduseuurijate Selts Eesti Teaduste Akadeemia juures, n\u00e4hes seadustes ja teistes \u00f5igusaktides ning nende rakendamises ebap\u00e4devust ja eba\u00f5iglust, teeb t\u00f6\u00f6d nende muutmiseks.<br \/>\n9. Eesti Looduseuurijate Selts Eesti Teaduste Akadeemia juures ei kasuta ega propageeri v\u00e4givalda oma seisukohtade v\u00e4ljendamiseks, eesm\u00e4rkide ja avalikkuse t\u00e4helepanu saavutamiseks.<\/p>\n<p><strong>Vahendite ja vara heaperemehelik ning s\u00e4\u00e4stlik kasutamine<\/strong><br \/>\n10. Eesti Looduseuurijate Selts Eesti Teaduste Akadeemia juures kasutab loodus-, inim- ja vaimuvara ning ainelisi ja varalisi vahendeid heaperemehelikult ning s\u00e4\u00e4stlikult, arvestades t\u00e4naste ja tulevaste p\u00f5lvede vajadustega.<br \/>\n11. Eesti Looduseuurijate Selts Eesti Teaduste Akadeemia juures l\u00e4htub nii taotleja kui toetajana headest rahastamistavadest, eelarvete p\u00f5hjendatusest ja l\u00e4bipaistvusest ning hoidub topeltrahastamisest.<\/p>\n<p><strong>Vastutus ja aruandmiskohustus<\/strong><br \/>\n12. Eesti Looduseuurijate Selts Eesti Teaduste Akadeemia juures annab oma tegevusest aru ning vastutab asutajate, liikmete, toetajate, annetajate ja avalikkuse ees.<br \/>\n13. Eesti Looduseuurijate Selts Eesti Teaduste Akadeemia juures peab oluliseks aruandevalmidust, mille tagab oskusjuhtimine, sisemine aruandlus ja juhindumine heast raamatupidamistavast.<br \/>\n14. Eesti Looduseuurijate Selts Eesti Teaduste Akadeemia juures avalikustab oma tegevuse sisulise ja rahalise aruande v\u00e4hemalt kord aastas.<\/p>\n<p><strong>Avatus ja l\u00e4bipaistvus<\/strong><br \/>\n15. Informatsioon Eesti Looduseuurijate Selts Eesti Teaduste Akadeemia juures missiooni, liikmeskonna, tegevuse ja rahastamise kohta peab olema avalik ja arusaadav.<br \/>\n16. Eesti Looduseuurijate Selts Eesti Teaduste Akadeemia juures suhtleb avatult ja otsekoheselt oma nime all ega tegutse anon\u00fc\u00fcmselt.<br \/>\n17. Eesti Looduseuurijate Selts Eesti Teaduste Akadeemia juures on avatud uutele ideedele ja erinevatele seisukohtadele ning koost\u00f6\u00f6le \u00fchiste eesm\u00e4rkide saavutamiseks.<\/p>\n<p><strong>S\u00f5ltumatus ja huvide konflikti v\u00e4ltimine<\/strong><br \/>\n18. Eesti Looduseuurijate Selts Eesti Teaduste Akadeemia juures on oma eesm\u00e4rgiseadmistes, otsustes ja tegevuses s\u00f5ltumatu ning hoidub sattumast erakonna, avaliku institutsiooni v\u00f5i \u00e4ri\u00fchingu kontrolli alla, millega ta kaotab oma s\u00f5ltumatuse ja avalikes huvides tegutsemise v\u00f5ime.<br \/>\n19. Eesti Looduseuurijate Selts Eesti Teaduste Akadeemia juures ja seal tegutsevad isikud hoiduvad sattumast huvide konflikti. Huvide konflikti ilmnemisel v\u00f5tab \u00fchendus tarvitusele vajalikud abin\u00f5ud selle l\u00f5petamiseks.<\/p>\n<p><strong>S\u00f5napidamine ja ideede autorluse tunnustamine<\/strong><br \/>\n20. Eesti Looduseuurijate Selts Eesti Teaduste Akadeemia juures peab kinni nii kirjalikest lepingutest kui suulistest kokkulepetest.<br \/>\n21. Eesti Looduseuurijate Selts Eesti Teaduste Akadeemia juures austab teiste \u00fchenduste ideede ja projektide autorlust.<\/p>\n<p><strong>Sallivus<\/strong><br \/>\n22. Eesti Looduseuurijate Selts Eesti Teaduste Akadeemia juures tunnustab m\u00f5tteviiside erinevust, \u00fchenduste ja nende eesm\u00e4rkide mitmekesisust.<br \/>\n23. Eesti Looduseuurijate Selts Eesti Teaduste Akadeemia juures ei halvusta ega laima teisi \u00fchendusi, nende seisukohti ja neis tegutsevaid isikuid.<\/p>\n","protected":false},"excerpt":{"rendered":"<p>EESTI LOODUSEUURIJATE SELTS EESTI TEADUSTE AKADEEMIA JUURES p \u00f5 h i k i r i Vastu v\u00f5etud Eesti Teaduste Akadeemia juures asuva Eesti Looduseuurijate Seltsi \u00fcldkoosolekul 28. novembril 1996. aastal. Muudetud \u00fcldkoosolekul 31. m\u00e4rtsil 2011. aastal. I. \u00dclds\u00e4tted 1. Eesti Looduseuurijate Selts Eesti Teaduste Akadeemia juures (edaspidi: Selts), asukohaga Tartus, Struve tn. 2 on loodusteadlasi &hellip; <a href=\"https:\/\/vana.elus.ee\/?page_id=44\" class=\"more-link\">Continue reading <span class=\"screen-reader-text\">P\u00f5hikiri ja eetilise tegevuse p\u00f5him\u00f5tted<\/span><\/a><\/p>\n","protected":false},"author":1,"featured_media":0,"parent":0,"menu_order":0,"comment_status":"closed","ping_status":"closed","template":"","meta":{"footnotes":""},"class_list":["post-44","page","type-page","status-publish","hentry"],"_links":{"self":[{"href":"https:\/\/vana.elus.ee\/index.php?rest_route=\/wp\/v2\/pages\/44","targetHints":{"allow":["GET"]}}],"collection":[{"href":"https:\/\/vana.elus.ee\/index.php?rest_route=\/wp\/v2\/pages"}],"about":[{"href":"https:\/\/vana.elus.ee\/index.php?rest_route=\/wp\/v2\/types\/page"}],"author":[{"embeddable":true,"href":"https:\/\/vana.elus.ee\/index.php?rest_route=\/wp\/v2\/users\/1"}],"replies":[{"embeddable":true,"href":"https:\/\/vana.elus.ee\/index.php?rest_route=%2Fwp%2Fv2%2Fcomments&post=44"}],"version-history":[{"count":1,"href":"https:\/\/vana.elus.ee\/index.php?rest_route=\/wp\/v2\/pages\/44\/revisions"}],"predecessor-version":[{"id":46,"href":"https:\/\/vana.elus.ee\/index.php?rest_route=\/wp\/v2\/pages\/44\/revisions\/46"}],"wp:attachment":[{"href":"https:\/\/vana.elus.ee\/index.php?rest_route=%2Fwp%2Fv2%2Fmedia&parent=44"}],"curies":[{"name":"wp","href":"https:\/\/api.w.org\/{rel}","templated":true}]}}