{"id":41,"date":"2015-10-02T10:29:11","date_gmt":"2015-10-02T07:29:11","guid":{"rendered":"https:\/\/vana.elus.ee\/?page_id=41"},"modified":"2017-06-05T23:20:00","modified_gmt":"2017-06-05T20:20:00","slug":"ajalugu","status":"publish","type":"page","link":"https:\/\/vana.elus.ee\/?page_id=41","title":{"rendered":"Ajalugu"},"content":{"rendered":"<p>Eesti Looduseuurijate Selts asutati 1853. aasta 10. oktoobril ning seltsi asutajaliikmed, kes olid suures osas toonase Tartu \u00dclikooli \u00f5ppej\u00f5ud, seadsid oma p\u00f5hi\u00fclesandeks Liivimaa ja l\u00e4hialade looduse teadusliku uurimise ja kirjeldamise. Baltimaade vanima j\u00e4rjepidevalt tegutsenud teadusliku seltsi p\u00f5hi\u00fclesanne on j\u00e4\u00e4nud suuresti samaks &#8211; teaduslikult uurida, kirjeldada ja ning oma tegevusega aidata kaitsta Eesti loodust.<\/p>\n<p>Seltsi esimeseks presidendiks oli Carl Eduard v. Liphardt, Raadi m\u00f5isa omanik ja tolle-aegses Euroopas tunnustatud kunstitundja. L\u00e4bi aja on seltsi juhtinud paljud kuulsad ja tunnustatud inimesed, nagu n\u00e4iteks Karl Ernst v. Baer, Edmund August Russow, Julius Thomas v. Kennel, Nikolai I. Kuznetsov, Johannes Piiper, Paul Kogermann, Theodor Lippmaa, Eerik Kumari jt.<\/p>\n<p>Esimesed 15 tegutsemisaastat oli selts seotud Liivimaa \u00dcldkasuliku ja \u00d6konoomilise Sotsieteediga, aastast 1878 aga Tartu \u00dclikooliga ning seltsi juhtimise ja tegevusega olid peamiselt seotud siinsed balti-saksa p\u00e4ritolu teadlased, maade- ja looduseuurijad. 1923. aasta jooksul l\u00e4ks LUSi juhtimine aga \u00fcle eestlaste k\u00e4tte &#8211; seltsi esimeseks eestlasest presidendiks sai professor J. Piiper ning \u00fcheks uueks \u00fclesandeks sai rahvusliku teadlaskonna kujundamine ja Eesti looduse uurimise materjaalne toetamine, sealhulgas v\u00f5imalusega uurimistulemusi tr\u00fckis avaldada.<\/p>\n<p>1946. aastast alates kuulub Eesti LUS Eesti Teaduste Akadeemia juurde. S\u00f5jaj\u00e4rgselt tegutses LUS m\u00f5nda aega \u00fcheaegselt nii Eestis kui ka eksiilis Rootsis, kus kirjastati ka kolm aastaraamatut (1957, 1959, 1963). Sellel perioodil oli seltsi tegevuse \u00fcks p\u00f5hiliine olla sidepidaja kutseliste teadlaste ja aktiivsete loodusehuviliste vahel ning tegeleda loodusteaduste populariseerimise ja teadmiste levitamisega laiemalt.<\/p>\n<p>Suur osa LUSi tegevusest toimub all\u00fcksuste-sektsioonide juures ning nende kaudu. All\u00fcksusteks on haru\u00fchingud sektsioonide \u00f5igustes, erialasektsioonid ning komisjonid.<\/p>\n<p>23. jaanuaril 1998 kirjutati alla assotsiatsioonileping Eesti Looduseuurijate Seltsi ja Eesti Teaduste Akadeemia vahel.<\/p>\n","protected":false},"excerpt":{"rendered":"<p>Eesti Looduseuurijate Selts asutati 1853. aasta 10. oktoobril ning seltsi asutajaliikmed, kes olid suures osas toonase Tartu \u00dclikooli \u00f5ppej\u00f5ud, seadsid oma p\u00f5hi\u00fclesandeks Liivimaa ja l\u00e4hialade looduse teadusliku uurimise ja kirjeldamise. Baltimaade vanima j\u00e4rjepidevalt tegutsenud teadusliku seltsi p\u00f5hi\u00fclesanne on j\u00e4\u00e4nud suuresti samaks &#8211; teaduslikult uurida, kirjeldada ja ning oma tegevusega aidata kaitsta Eesti loodust. Seltsi esimeseks &hellip; <a href=\"https:\/\/vana.elus.ee\/?page_id=41\" class=\"more-link\">Continue reading <span class=\"screen-reader-text\">Ajalugu<\/span><\/a><\/p>\n","protected":false},"author":1,"featured_media":0,"parent":0,"menu_order":0,"comment_status":"closed","ping_status":"closed","template":"","meta":{"footnotes":""},"class_list":["post-41","page","type-page","status-publish","hentry"],"_links":{"self":[{"href":"https:\/\/vana.elus.ee\/index.php?rest_route=\/wp\/v2\/pages\/41","targetHints":{"allow":["GET"]}}],"collection":[{"href":"https:\/\/vana.elus.ee\/index.php?rest_route=\/wp\/v2\/pages"}],"about":[{"href":"https:\/\/vana.elus.ee\/index.php?rest_route=\/wp\/v2\/types\/page"}],"author":[{"embeddable":true,"href":"https:\/\/vana.elus.ee\/index.php?rest_route=\/wp\/v2\/users\/1"}],"replies":[{"embeddable":true,"href":"https:\/\/vana.elus.ee\/index.php?rest_route=%2Fwp%2Fv2%2Fcomments&post=41"}],"version-history":[{"count":1,"href":"https:\/\/vana.elus.ee\/index.php?rest_route=\/wp\/v2\/pages\/41\/revisions"}],"predecessor-version":[{"id":43,"href":"https:\/\/vana.elus.ee\/index.php?rest_route=\/wp\/v2\/pages\/41\/revisions\/43"}],"wp:attachment":[{"href":"https:\/\/vana.elus.ee\/index.php?rest_route=%2Fwp%2Fv2%2Fmedia&parent=41"}],"curies":[{"name":"wp","href":"https:\/\/api.w.org\/{rel}","templated":true}]}}