{"id":142,"date":"2015-10-02T13:34:03","date_gmt":"2015-10-02T10:34:03","guid":{"rendered":"https:\/\/vana.elus.ee\/?page_id=142"},"modified":"2015-10-02T13:34:03","modified_gmt":"2015-10-02T10:34:03","slug":"jarvekomisjon","status":"publish","type":"page","link":"https:\/\/vana.elus.ee\/?page_id=142","title":{"rendered":"J\u00e4rvekomisjon"},"content":{"rendered":"<p>Esimees: Henn Timm (e-mail: henn.timm(at)emu.ee)<br \/>\nSekret\u00e4r: Helle M\u00e4emets<\/p>\n<p>Eesti Looduseuurijate Seltsi esimese all\u00fcksusena moodustati 1905. aastal j\u00e4rvekomisjon, mis toli Eesti sisevete uurimise peamiseks keskuseks Eesti TA Zooloogia ja Botaanika Instituudi rajamiseni. Seltsi k\u00f5ige vanem sektsiooni nimigi on sama, kuigi tegemist ei ole p\u00e4ris komisjoni-laadse moodustisega.<br \/>\nPikka aega on see olnud seltsi \u00fcks p\u00fcsivamaid osakondi ning lisaks algselt silmas peetud j\u00e4rvede uurimisele ning kalakasvatusk\u00fcsimustega tegelemisele on tegevus laienenud siseveekogudele tervikuna, aga ka rannikumerele.<br \/>\nTeadustegevuse raames tegeletakse h\u00fcdrobioloogiliste ja iht\u00fcoloogiliste uurimistega, h\u00fcdrobioloogia ajaloo ning iht\u00fcofenoloogiliste vaatlustega.<\/p>\n<p>J\u00e4rvekomisjoni t\u00f6\u00f6st ja tegemistest annab hea \u00fclevaate 2007. aastal ilmunud juubelikogumik &#8220;J\u00e4rvekomisjon 100&#8221;<\/p>\n","protected":false},"excerpt":{"rendered":"<p>Esimees: Henn Timm (e-mail: henn.timm(at)emu.ee) Sekret\u00e4r: Helle M\u00e4emets Eesti Looduseuurijate Seltsi esimese all\u00fcksusena moodustati 1905. aastal j\u00e4rvekomisjon, mis toli Eesti sisevete uurimise peamiseks keskuseks Eesti TA Zooloogia ja Botaanika Instituudi rajamiseni. Seltsi k\u00f5ige vanem sektsiooni nimigi on sama, kuigi tegemist ei ole p\u00e4ris komisjoni-laadse moodustisega. Pikka aega on see olnud seltsi \u00fcks p\u00fcsivamaid osakondi ning &hellip; <a href=\"https:\/\/vana.elus.ee\/?page_id=142\" class=\"more-link\">Continue reading <span class=\"screen-reader-text\">J\u00e4rvekomisjon<\/span><\/a><\/p>\n","protected":false},"author":1,"featured_media":0,"parent":0,"menu_order":0,"comment_status":"closed","ping_status":"closed","template":"","meta":{"footnotes":""},"class_list":["post-142","page","type-page","status-publish","hentry"],"_links":{"self":[{"href":"https:\/\/vana.elus.ee\/index.php?rest_route=\/wp\/v2\/pages\/142","targetHints":{"allow":["GET"]}}],"collection":[{"href":"https:\/\/vana.elus.ee\/index.php?rest_route=\/wp\/v2\/pages"}],"about":[{"href":"https:\/\/vana.elus.ee\/index.php?rest_route=\/wp\/v2\/types\/page"}],"author":[{"embeddable":true,"href":"https:\/\/vana.elus.ee\/index.php?rest_route=\/wp\/v2\/users\/1"}],"replies":[{"embeddable":true,"href":"https:\/\/vana.elus.ee\/index.php?rest_route=%2Fwp%2Fv2%2Fcomments&post=142"}],"version-history":[{"count":1,"href":"https:\/\/vana.elus.ee\/index.php?rest_route=\/wp\/v2\/pages\/142\/revisions"}],"predecessor-version":[{"id":144,"href":"https:\/\/vana.elus.ee\/index.php?rest_route=\/wp\/v2\/pages\/142\/revisions\/144"}],"wp:attachment":[{"href":"https:\/\/vana.elus.ee\/index.php?rest_route=%2Fwp%2Fv2%2Fmedia&parent=142"}],"curies":[{"name":"wp","href":"https:\/\/api.w.org\/{rel}","templated":true}]}}