{"id":139,"date":"2015-10-02T13:33:34","date_gmt":"2015-10-02T10:33:34","guid":{"rendered":"https:\/\/vana.elus.ee\/?page_id=139"},"modified":"2021-08-18T10:28:55","modified_gmt":"2021-08-18T07:28:55","slug":"teoreetilise-bioloogia-sektsioon","status":"publish","type":"page","link":"https:\/\/vana.elus.ee\/?page_id=139","title":{"rendered":"Teoreetilise bioloogia sektsioon"},"content":{"rendered":"<p>Esimees: Lauri Laanisto<br \/>\ne-mail:\u00a0lauri.laanisto@ut.ee<\/p>\n<p>Teoreetilise bioloogia sektsioon ELUSi juures asutati 1977. aastal, millega sai ametliku vormistuse 1974. aastal bioloogiatudengite poolt loodud teoreetilise bioloogia grupp.<br \/>\nSektsioon on olnud aktiivne teoreetilise bioloogia alaste arutelude korraldaja; koosolekutel on esinetud paljude huvitavate ettekannetega alates evolutsiooniteooriast ja s\u00fcstemaatikast ning l\u00f5petades matemaatilise modelleerimise ja biomeetriaga, lisaks veel k\u00e4sitlused bioloogia filosoofiliste probleemide ning bioloogiliste ideede ajaloo kohta.<br \/>\nSektsioon on korraldanud ka iga-aastasi teoreetilise bioloogia kevadkoole, p\u00fchendudes 3-4 p\u00e4eva jooksul m\u00f5nes Eestimaa looduskaunis kohas n\u00e4iteks sellistele huvitavatele teemadele nagu \u00abRaku teooria\u00bb, \u00abStohhastilised mudelid bioloogias\u00bb v\u00f5i \u00abSoo teooria\u00bb. Neil on olnud toimet eestikeelsele teadusterminoloogiale ning kogu eesti bioloogilisele teaduselule. Kevadkoolide ettekannete p\u00f5hjal on publitseeritud seeriav\u00e4ljaandena artiklikogumikku \u00abSchola Biotheorethica\u00bb. Selle m\u00f5ju \u00fcheks v\u00e4ljenduseks on kaks inglisekeelset kogumikku kogumikku \u00abLectures in Theoretical Biology\u00bb (1988 ja 1993, toimetajad prof. Kalevi Kull ja prof. Toomas Tiivel).<br \/>\n1993. aastal s\u00fcndinud Jakob von Uexk\u00fclli Keskus on suuresti v\u00e4lja kasvanud teoreetilise bioloogia sektsioonist, millega bioloogia humanitaarsem osa ja bioloogia filosoofilised probleemid j\u00e4id rohkem Uexk\u00fclli Keskuse kanda, teoreetilise bioloogia loodusteaduslikum ja matemaatilisem osa enam teoreetilise bioloogia sektsiooni hooleks. Kevadkoole korraldatakse aga \u00fcheskoos.<br \/>\nSektsioonil on alates 1994. aastast oma elektrooniline postiloend (teorbio@lists.ut.ee)<\/p>\n<p>Teoreetilise bioloogia ja geoloogia \u00fchine s\u00fcgiskool 25-26. septemeber 2020:<\/p>\n<p><a href=\"http:\/\/geoeco.ut.ee\/event\/xlvi-teoreetilise-bioloogia-kevadkool\">Teoreetilise bioloogia ja geoloogia \u00fchine s\u00fcgiskool | Maateaduste ja \u00f6koloogia doktorikool (ut.ee)<\/a><\/p>\n<p><a href=\"https:\/\/kevadkool.elus.ee\/?do=files&amp;sid=48\">Schola Biotheoretica XLVI (elus.ee)<\/a><\/p>\n","protected":false},"excerpt":{"rendered":"<p>Esimees: Lauri Laanisto e-mail:\u00a0lauri.laanisto@ut.ee Teoreetilise bioloogia sektsioon ELUSi juures asutati 1977. aastal, millega sai ametliku vormistuse 1974. aastal bioloogiatudengite poolt loodud teoreetilise bioloogia grupp. Sektsioon on olnud aktiivne teoreetilise bioloogia alaste arutelude korraldaja; koosolekutel on esinetud paljude huvitavate ettekannetega alates evolutsiooniteooriast ja s\u00fcstemaatikast ning l\u00f5petades matemaatilise modelleerimise ja biomeetriaga, lisaks veel k\u00e4sitlused bioloogia filosoofiliste probleemide &hellip; <a href=\"https:\/\/vana.elus.ee\/?page_id=139\" class=\"more-link\">Continue reading <span class=\"screen-reader-text\">Teoreetilise bioloogia sektsioon<\/span><\/a><\/p>\n","protected":false},"author":1,"featured_media":0,"parent":0,"menu_order":0,"comment_status":"closed","ping_status":"closed","template":"","meta":{"footnotes":""},"class_list":["post-139","page","type-page","status-publish","hentry"],"_links":{"self":[{"href":"https:\/\/vana.elus.ee\/index.php?rest_route=\/wp\/v2\/pages\/139","targetHints":{"allow":["GET"]}}],"collection":[{"href":"https:\/\/vana.elus.ee\/index.php?rest_route=\/wp\/v2\/pages"}],"about":[{"href":"https:\/\/vana.elus.ee\/index.php?rest_route=\/wp\/v2\/types\/page"}],"author":[{"embeddable":true,"href":"https:\/\/vana.elus.ee\/index.php?rest_route=\/wp\/v2\/users\/1"}],"replies":[{"embeddable":true,"href":"https:\/\/vana.elus.ee\/index.php?rest_route=%2Fwp%2Fv2%2Fcomments&post=139"}],"version-history":[{"count":4,"href":"https:\/\/vana.elus.ee\/index.php?rest_route=\/wp\/v2\/pages\/139\/revisions"}],"predecessor-version":[{"id":1027,"href":"https:\/\/vana.elus.ee\/index.php?rest_route=\/wp\/v2\/pages\/139\/revisions\/1027"}],"wp:attachment":[{"href":"https:\/\/vana.elus.ee\/index.php?rest_route=%2Fwp%2Fv2%2Fmedia&parent=139"}],"curies":[{"name":"wp","href":"https:\/\/api.w.org\/{rel}","templated":true}]}}