{"id":100,"date":"2015-10-02T13:24:04","date_gmt":"2015-10-02T10:24:04","guid":{"rendered":"https:\/\/vana.elus.ee\/?page_id=100"},"modified":"2025-11-20T14:38:27","modified_gmt":"2025-11-20T11:38:27","slug":"raamatukogu","status":"publish","type":"page","link":"https:\/\/vana.elus.ee\/?page_id=100","title":{"rendered":"Raamatukogu"},"content":{"rendered":"<div align=\"justify\">\n<p lang=\"en-US\" align=\"left\">Eesti Looduseuurijate Seltsi raamatukogu komplekteerimist alustati kohe peale seltsi asutamist 1853. aastal. Praegu on raamatukogus ligikaudu 160 000 tr\u00fckist, millest suure osa moodustab vanem loodusteaduslik perioodika. Kogude k\u00f5ige hinnalisem vara on aga 16. sajandist p\u00e4rit raamatud. Uuemast ajast on raamatukogus rohkem\u00a0 ornitoloogia-, entomoloogia-, s\u00fcstemaatika- ja m\u00fckoloogia-alaseid ajakirju.<\/p>\n<\/div>\n<div align=\"justify\"><span style=\"display: inline !important; float: none; background-color: transparent; color: #333333; cursor: text; font-family: 'Noto Serif',serif; font-size: 17px; font-style: normal; font-variant: normal; font-weight: 400; letter-spacing: normal; orphans: 2; text-align: left; text-decoration: none; text-indent: 0px; text-transform: none; -webkit-text-stroke-width: 0px; white-space: normal; word-spacing: 0px;\">Kogud t\u00e4ienevad\u00a0 peamiselt vahetuste ja annetustega, v\u00e4hem ostude teel.<\/span><\/div>\n<div align=\"justify\"><\/div>\n<div align=\"justify\">Raamatukogu t\u00f6\u00f6s osaleb ka raamatukogukomisjon, koosseisus:<\/div>\n<div align=\"justify\">Toomas Kukk (esimees), Margus Ots, Merit Otsus, Ehte Puhang, Fred Puss.<\/div>\n<div align=\"justify\"><\/div>\n<div align=\"justify\">Raamatukogu <strong>andmebaasid.<\/strong><\/div>\n<div align=\"justify\"><\/div>\n<div align=\"justify\">Aastatel 2006-2017 oli kasutusel elektronkataloog URRAM.<\/div>\n<div align=\"justify\">2017. a l\u00f5pus \u00fchineti ESTERiga.<\/div>\n<div align=\"justify\"><\/div>\n<div align=\"justify\"><strong>https:\/\/www.ester.ee<\/strong><\/div>\n<h3>Raamatukogu kasutamine<\/h3>\n<p><strong>T, K, N\u00a0\u00a0 9.00 &#8211;\u00a0 17.00<\/strong><\/p>\n<div class=\"moz-forward-container\">Raatukogu kasutamine on kohapeal k\u00f5igile vaba. Koju saavad tr\u00fckiseid laenutada ainult seltsi\u00a0liikmed. Teatmeteoseid ja haruldasi tr\u00fckiseid v\u00e4lja ei laenutata.<\/div>\n<div align=\"justify\"><strong>T\u00e4psem info: tel 734 1935\u00a0 v\u00f5i elus@vana.elus.ee<\/strong><\/div>\n<div align=\"justify\"><\/div>\n<div align=\"justify\"><\/div>\n<div align=\"justify\">\n<h3 class=\"western\"><strong><span style=\"color: #333333;\"><span style=\"font-family: quot;\"><b>Uudiskirjandus LUSi raamatukogus<\/b><\/span><\/span><\/strong><strong><span style=\"color: #000000;\"><span style=\"font-family: 'Times New Roman', serif;\"><span style=\"font-size: large;\"><span lang=\"en-GB\">\u00a0<\/span><\/span><\/span><\/span><\/strong><\/h3>\n<ul>\n<li>Saava, Astrid. Veekaitse algusaastad Eestis : meenutused (2023) Autori annetus p\u00fchendusega<\/li>\n<\/ul>\n<p><img loading=\"lazy\" decoding=\"async\" class=\"\" src=\"https:\/\/vana.elus.ee\/wp-content\/uploads\/2025\/11\/SaavaA.-825x510.jpg\" width=\"224\" height=\"138\" \/><\/p>\n<ul>\n<li>Hiiem\u00e4e, Mall. <strong>V\u00e4ike ilmaraamat rahvap\u00e4rimusest\u00a0<\/strong>(2024)<\/li>\n<\/ul>\n<p>&nbsp;<\/p>\n<ul>\n<li>Hiiem\u00e4e, Mall. <strong>V\u00e4ike putukaraamat rahvap\u00e4rimusest\u00a0<\/strong>(2022)<\/li>\n<\/ul>\n<p>&nbsp;<\/p>\n<ul>\n<li>Bellmann, Heiko. <strong>Putukad : v\u00e4lim\u00e4\u00e4raja<\/strong> (2024)<\/li>\n<\/ul>\n<p>&nbsp;<\/p>\n<ul>\n<li>Adami, Karl. <strong>Eesti metsalinnud : laululinnud<\/strong> (2023)<\/li>\n<\/ul>\n<p>&nbsp;<\/p>\n<ul>\n<li>H\u00e4rm. Tiiu.\u00a0<strong>Ookeanifauna avastaja Eestist : dr. Eschscholtz ja tema r\u00e4ndurid<\/strong> (2023) Autori annetus p\u00fchendusega<\/li>\n<\/ul>\n<\/div>\n<p>&nbsp;<\/p>\n<p><img loading=\"lazy\" decoding=\"async\" class=\"\" src=\"https:\/\/vana.elus.ee\/wp-content\/uploads\/2025\/10\/Tiiu-H%C3%A4rm-825x510.jpg\" width=\"275\" height=\"170\" \/><\/p>\n<p>&nbsp;<\/p>\n<ul>\n<li>Tartes, Urmas. <strong>S\u00e4\u00e4seraamat<\/strong> (2023)<\/li>\n<\/ul>\n<p><img loading=\"lazy\" decoding=\"async\" class=\"\" src=\"https:\/\/vana.elus.ee\/wp-content\/uploads\/2025\/09\/S%C3%A4%C3%A4seraamat-825x510.jpg\" width=\"254\" height=\"157\" \/><\/p>\n<ul>\n<li>Ader, Arne,\u00a0 M\u00f5ttus, Margit. <strong>Linnud kuulutavad kevadet<\/strong> (2020)<\/li>\n<\/ul>\n<p>&nbsp;<\/p>\n<div align=\"justify\">\n<p><img loading=\"lazy\" decoding=\"async\" class=\"\" src=\"https:\/\/vana.elus.ee\/wp-content\/uploads\/2025\/09\/Linnud-kuulutavad-kevadet-e1758879190662-825x510.jpg\" width=\"265\" height=\"164\" \/><\/p>\n<ul>\n<li>Kurs, Ott. <strong>Maadligi maateaduses ja mujalgi. I,<\/strong> Otsingute ja katsumuste k\u00fcmnend 1957\u20131967\u00a0 (2021)<\/li>\n<\/ul>\n<p>&nbsp;<\/p>\n<ul>\n<li>Kurs, Ott. <strong>Maadligi maateaduses ja mujalgi. II<\/strong>,\u00a0Veerandsada vahepealset voot 1967\u20131992\u00a0(2023)<\/li>\n<\/ul>\n<\/div>\n<ul>\n<li>Ervin, Alo. <strong>Nabakirjad. 2, ehk, Teadusr\u00e4nnakud Arktikasse ja Antarktikasse<\/strong> (2024)<\/li>\n<\/ul>\n<ul>\n<li><span style=\"color: #000000;\">\u00a0 \u00a0Ermel, Malle. <strong>Tartu \u00dclikooli raamatukogu 220\u00a0<\/strong> (2024)<\/span><\/li>\n<\/ul>\n<p>&nbsp;<\/p>\n<div align=\"justify\">\n<ul>\n<li>Pentti Linkola. <strong>Nurjatu k\u00fcsimus<\/strong> \/ t\u00f5lkija Priit-Kalev Parts (2024)<\/li>\n<\/ul>\n<p><img loading=\"lazy\" decoding=\"async\" class=\"\" src=\"https:\/\/vana.elus.ee\/wp-content\/uploads\/2024\/10\/Nurjatu-k%C3%BCsimus-150x150.jpg\" width=\"167\" height=\"167\" \/><\/p>\n<ul>\n<li>Pentti Linkola. <strong>Teisitim\u00f5tleja m\u00e4rkmed<\/strong>\u00a0\/ t\u00f5lkija Priit-Kalev Parts (2021)<\/li>\n<li><\/li>\n<li>Pentti Linkola. <strong>Elluj\u00e4\u00e4mise k\u00fcsimus<\/strong>\u00a0\/ t\u00f5lkija Priit-Kalev Parts (2021)<\/li>\n<\/ul>\n<\/div>\n<ul>\n<li>Heard, Stephen B.\u00a0 <strong>Charles Darwini nuiv\u00e4hk ja David Bowie \u00e4mblik : kuidas teaduslikud nimed p\u00fchitsevad seiklejaid, kangelasi ja isegi m\u00f5nd kaabakat<\/strong> \/ t\u00f5lkija Lauri Laanisto ; toimetaja Triin Olvet (2023)<\/li>\n<\/ul>\n<p>&nbsp;<\/p>\n<ul>\n<li>J\u00fcrgenson, Aivar.\u00a0<strong>Seened kultuuriloos<\/strong> (2022)<\/li>\n<\/ul>\n<p>&nbsp;<\/p>\n<div align=\"justify\">\n<ul>\n<li>Plado, J\u00fcri. <strong>Meteoorist kraatrini<\/strong> (2019)<\/li>\n<\/ul>\n<p>&nbsp;<\/p>\n<ul>\n<li><strong>V\u00e4\u00e4rtuslik Lahemaa = Treasured Lahemaa<\/strong> \/ koostajad Ave Paulus jt. (2021)<\/li>\n<\/ul>\n<p><a href=\"https:\/\/vana.elus.ee\/wp-content\/uploads\/2024\/08\/V\u00e4\u00e4rtuslik-Lahemaa.jpg\"><img loading=\"lazy\" decoding=\"async\" class=\"alignnone wp-image-2134\" src=\"https:\/\/vana.elus.ee\/wp-content\/uploads\/2024\/08\/V\u00e4\u00e4rtuslik-Lahemaa.jpg\" alt=\"\" width=\"231\" height=\"167\" \/><\/a><\/p>\n<ul>\n<li><span style=\"color: #000000;\">Gould, S. J.<\/span><strong><span style=\"color: #000000;\"> Imeline elu. Burgess Shale ja ajaloo olemus <\/span><\/strong><span style=\"color: #000000;\">2024<\/span><strong><span style=\"color: #000000;\">\u00a0<\/span><\/strong><span style=\"color: #000000;\">(Loodusteaduste klassikuid 5). T\u00f5lkis Oive Tinn, toimetasid Lauri Laanisto ja Karin Truuver.\u00a0 \u00a0<\/span><\/li>\n<\/ul>\n<\/div>\n<p><img loading=\"lazy\" decoding=\"async\" class=\"\" src=\"https:\/\/vana.elus.ee\/wp-content\/uploads\/2024\/05\/Uus-raamat-217x300.jpg\" width=\"154\" height=\"213\" \/><\/p>\n<div align=\"justify\">\n<ul>\n<li><span style=\"color: #000000;\">Schola Biotheoretica L.<\/span><span style=\"color: #000000;\">\u00a0<\/span><span style=\"color: #000000;\"><strong>Bioloogilise m\u00f5tte areng<\/strong> (2024)\u00a0\u00a0<\/span><\/li>\n<\/ul>\n<p><img loading=\"lazy\" decoding=\"async\" class=\"\" src=\"https:\/\/vana.elus.ee\/wp-content\/uploads\/2024\/05\/Uus-raamat21.jpg\" width=\"149\" height=\"206\" \/><\/p>\n<ul>\n<li><span style=\"color: #000000;\">Kull, Kalevi. <\/span><strong><span style=\"color: #000000;\">Teoreetilisest bioloogiast<\/span><\/strong><span style=\"color: #000000;\"> (kordustr\u00fckk) (2024)\u00a0\u00a0<\/span><\/li>\n<\/ul>\n<p><a href=\"https:\/\/vana.elus.ee\/wp-content\/uploads\/2024\/05\/Uus-raamat22-1.jpg\"><img loading=\"lazy\" decoding=\"async\" class=\"alignnone wp-image-2106\" src=\"https:\/\/vana.elus.ee\/wp-content\/uploads\/2024\/05\/Uus-raamat22-1.jpg\" alt=\"\" width=\"145\" height=\"200\" srcset=\"https:\/\/vana.elus.ee\/wp-content\/uploads\/2024\/05\/Uus-raamat22-1.jpg 2064w, https:\/\/vana.elus.ee\/wp-content\/uploads\/2024\/05\/Uus-raamat22-1-218x300.jpg 218w, https:\/\/vana.elus.ee\/wp-content\/uploads\/2024\/05\/Uus-raamat22-1-768x1058.jpg 768w, https:\/\/vana.elus.ee\/wp-content\/uploads\/2024\/05\/Uus-raamat22-1-743x1024.jpg 743w\" sizes=\"auto, (max-width: 145px) 100vw, 145px\" \/><\/a><\/p>\n<ul>\n<li>Hirse, T., Kurbel, R. <strong>Eesti orhideede m\u00e4\u00e4raja<\/strong> (2024)<\/li>\n<\/ul>\n<p><img loading=\"lazy\" decoding=\"async\" class=\"\" src=\"https:\/\/vana.elus.ee\/wp-content\/uploads\/2024\/05\/Orhideede-m%C3%A4%C3%A4raja-1-182x300.jpg\" width=\"148\" height=\"244\" \/><\/p>\n<\/div>\n<p>Masing, Matti. <strong>Nahkhiirte uurimise ajaloost Eestis\u00a0<\/strong> (2024)<\/p>\n<p><img loading=\"lazy\" decoding=\"async\" class=\"\" src=\"https:\/\/vana.elus.ee\/wp-content\/uploads\/2024\/05\/Matti-Masing.jpg\" width=\"147\" height=\"206\" \/><\/p>\n<p>Kurbel, Rainar. <strong>Tallinna orhideed<\/strong> (2024)<\/p>\n<p><img loading=\"lazy\" decoding=\"async\" class=\"\" src=\"https:\/\/vana.elus.ee\/wp-content\/uploads\/2024\/05\/Tallinna-orhideed.jpg\" width=\"178\" height=\"248\" \/><\/p>\n<p>Timm, Henn. K\u00f5ik v\u00f5ib olla muster! (2025)<\/p>\n<p>Annetaja H. Timm.<\/p>\n<p>&nbsp;<\/p>\n<ul>\n<li>\u00a0C\u00e9sar, Jean. <strong>Flore illustr\u00e9e du Burkina Faso et du Mali<\/strong>:<\/li>\n<\/ul>\n<p>Volume 1,\u00a0<strong>Pt\u00e9ridophytes et monocotyl\u00e9dones<\/strong>;<\/p>\n<p><img loading=\"lazy\" decoding=\"async\" class=\"\" src=\"https:\/\/vana.elus.ee\/wp-content\/uploads\/2025\/11\/Flore-Illustre-825x510.jpg\" width=\"214\" height=\"132\" \/><\/p>\n<p>Volume 2, <strong>Dicotyledones<\/strong> (2024)<\/p>\n<p><img loading=\"lazy\" decoding=\"async\" class=\"\" src=\"https:\/\/vana.elus.ee\/wp-content\/uploads\/2025\/11\/Flore-Illustre-2-825x510.jpg\" width=\"210\" height=\"130\" \/><\/p>\n<p>Senckenbergi Looduseuurijate Seltsi (Senckenberg Gesellschaft f\u00fcr Naturforschung) annetus<\/p>\n<p>&nbsp;<\/p>\n<p><span style=\"font-family: quot;\"><b>Ajakirjad ja ajalehed L<\/b><\/span><span style=\"font-family: quot;\"><b>USi raamatukogus\u00a0<\/b><\/span><\/p>\n<ul>\n<li><strong>Eesti Jahimees<\/strong><\/li>\n<li><strong>Eesti Loodus<\/strong><\/li>\n<li><strong>Eesti Mets<\/strong><\/li>\n<li><strong>Hirundo<\/strong><\/li>\n<li><strong>Horisont<\/strong><\/li>\n<li><strong>Raamatukogu<\/strong><\/li>\n<li><strong>Tiirutaja<\/strong><\/li>\n<li><strong>\u00d6\u00f6viiul<\/strong>, ISSN 2382-8722 14\/15 (2022)<\/li>\n<li><strong>Bauhinia : Zeitschrift der Basler Botanischen Gesellschaft,\u00a0<\/strong>ISSN\u00a02235-0284<\/li>\n<li><strong>Beitr\u00e4ge zur Entomofaunistik<\/strong>, ISSN\u00a0 1563-1400<\/li>\n<li><strong>Biologija,<\/strong> ISSN 1392-0146<\/li>\n<li><strong>Botanica,<\/strong> ISSN 2538-8649<\/li>\n<li><strong>Breviora,<\/strong> ISSN 0006-9698<\/li>\n<li><strong>Candollea, <\/strong>ISSN\u00a00373-2967<\/li>\n<li><strong>Contributions to entomology : Beitr\u00e4ge zur Entomologie,<\/strong> ISSN 0005-805X<\/li>\n<li><strong>Philippia : Abhandlungen und Berichte aus dem Naturkundemuseum im Ottoneum zu Kassel,<\/strong> ISSN 0343-7620<\/li>\n<li><strong>Entomologica Fennica, <\/strong>ISSN 0785-8760<\/li>\n<li><strong>Folica Cryptogamica Estonica,\u00a0<\/strong>ISSN 1406-2070\u00a0(print),\u00a0ISSN 1736-7786\u00a0(online)<\/li>\n<li><strong>Folia geobotanica, <\/strong>ISSN\u00a01211-9520<\/li>\n<li><strong>Luonnon Tutkija, <\/strong>ISSN 0024-7383<\/li>\n<li><strong>Ornis Fennica, <\/strong>ISSN 0030-5685<\/li>\n<li><strong>Der Ornithologische Beobachter, <\/strong>ISSN 0030-5707<\/li>\n<li><strong>Papers on anthropology \/ University of Tartu, Centre for Physical Anthropology,<\/strong>\u00a0ISSN\u00a01406-0140<\/li>\n<li><strong>Plant Ecology &amp; Diversity,<\/strong> ISSN 1755-0874<\/li>\n<li><strong>Schola Biotheoretica XLIX<\/strong> (2023)<\/li>\n<li><strong>Scottish Birds, <\/strong>ISSN 0036-9144<\/li>\n<li><strong>Smithsonian contributions to botany \/\u00a0Smithsonian\u00a0<\/strong><strong>Institution<\/strong>, ISSN 0081-024X<\/li>\n<li><strong>Smithsonian contributions to zoology \/\u00a0Smithsonian\u00a0<\/strong><strong>Institution<\/strong>, ISSN 0081-0282<\/li>\n<li><strong>Soil organisms, <\/strong>ISSN 1864-6417<\/li>\n<li><strong>Suomen Luonto, <\/strong>ISSN 0356-0678<\/li>\n<li><strong>Symbolae Botanicae Upsalienses<\/strong>, ISSN 0082-0644<\/li>\n<li><strong>\u0413\u043e\u0440\u0438\u0437\u043e\u043d\u0442\u044b \u042d\u0441\u0442\u043e\u043d\u0438\u0438, <\/strong>ISSN 1736-0617<\/li>\n<\/ul>\n<p>&nbsp;<\/p>\n","protected":false},"excerpt":{"rendered":"<p>Eesti Looduseuurijate Seltsi raamatukogu komplekteerimist alustati kohe peale seltsi asutamist 1853. aastal. Praegu on raamatukogus ligikaudu 160 000 tr\u00fckist, millest suure osa moodustab vanem loodusteaduslik perioodika. Kogude k\u00f5ige hinnalisem vara on aga 16. sajandist p\u00e4rit raamatud. Uuemast ajast on raamatukogus rohkem\u00a0 ornitoloogia-, entomoloogia-, s\u00fcstemaatika- ja m\u00fckoloogia-alaseid ajakirju. Kogud t\u00e4ienevad\u00a0 peamiselt vahetuste ja annetustega, v\u00e4hem ostude &hellip; <a href=\"https:\/\/vana.elus.ee\/?page_id=100\" class=\"more-link\">Continue reading <span class=\"screen-reader-text\">Raamatukogu<\/span><\/a><\/p>\n","protected":false},"author":1,"featured_media":2394,"parent":0,"menu_order":0,"comment_status":"closed","ping_status":"closed","template":"","meta":{"footnotes":""},"class_list":["post-100","page","type-page","status-publish","has-post-thumbnail","hentry"],"_links":{"self":[{"href":"https:\/\/vana.elus.ee\/index.php?rest_route=\/wp\/v2\/pages\/100","targetHints":{"allow":["GET"]}}],"collection":[{"href":"https:\/\/vana.elus.ee\/index.php?rest_route=\/wp\/v2\/pages"}],"about":[{"href":"https:\/\/vana.elus.ee\/index.php?rest_route=\/wp\/v2\/types\/page"}],"author":[{"embeddable":true,"href":"https:\/\/vana.elus.ee\/index.php?rest_route=\/wp\/v2\/users\/1"}],"replies":[{"embeddable":true,"href":"https:\/\/vana.elus.ee\/index.php?rest_route=%2Fwp%2Fv2%2Fcomments&post=100"}],"version-history":[{"count":225,"href":"https:\/\/vana.elus.ee\/index.php?rest_route=\/wp\/v2\/pages\/100\/revisions"}],"predecessor-version":[{"id":2380,"href":"https:\/\/vana.elus.ee\/index.php?rest_route=\/wp\/v2\/pages\/100\/revisions\/2380"}],"wp:featuredmedia":[{"embeddable":true,"href":"https:\/\/vana.elus.ee\/index.php?rest_route=\/wp\/v2\/media\/2394"}],"wp:attachment":[{"href":"https:\/\/vana.elus.ee\/index.php?rest_route=%2Fwp%2Fv2%2Fmedia&parent=100"}],"curies":[{"name":"wp","href":"https:\/\/api.w.org\/{rel}","templated":true}]}}